- 208. What is the hundreds digit of u(22)?
4
Suppose -1 = -4*b + 7. Let m be 66/(-88) - (-31)/8*b. Let a = m - -21. What is the tens digit of a?
2
Let u be 24 + 12576/80 - ((-11)/(-5) + -2). Let d(r) = -63*r + 6. Let b be d(-6). Let o = b - u. What is the units digit of o?
3
Let d(c) = -c**2 + 2*c + 28. Let k = -36 + 95. Let r = 59 - k. What is the tens digit of d(r)?
2
Let j(q) = 170*q + 134. Let n be j(-8). Let t = 1840 + n. What is the hundreds digit of t?
6
Let m(h) = -183*h - 135. Let s be m(-6). Suppose -54*z + 57*z = s. What is the units digit of z?
1
Let o(k) = 17*k**2 - 4*k - 3. Let d = -131 + 130. Let i be o(d). What is the units digit of ((-42)/i + 3)*(-1125)/(-6)?
5
Suppose -5 = 3*r + 4. Let o(n) = 57 + 56 - 21*n - 107. What is the tens digit of o(r)?
6
Let s(j) = -63*j - 1 - 16*j**3 - 5*j**2 + 5 + 64*j + 9*j**3. What is the units digit of s(-4)?
8
Let g be (-3 + 0/2)/(8/224). What is the units digit of 328/6*g/(-8)?
4
Suppose 0 = 3*b + 208 + 29. Suppose -5*p + 3*l = 40 + 134, 184 = -5*p - 2*l. Let c = p - b. What is the tens digit of c?
4
Let w = -153 - -151. What is the tens digit of (((-91)/21)/13)/(w/318)?
5
Let j(x) = -8*x + 13. Suppose -2*l + 3*y + 17 = -13, -2*y = -l + 15. Let o = 7 - l. What is the tens digit of j(o)?
7
Suppose 0 = -3*i - 4*y + 20451, 2*y - 6821 = 2*i - 3*i. What is the units digit of i?
9
What is the units digit of 2*(-1150602)/(-72) - (-42)/(-36)?
0
Let o = -428 + 578. Let s = -123 + o. What is the tens digit of s?
2
Let a(n) = -6797*n - 1. What is the units digit of a(-1)?
6
Let b(m) be the second derivative of m**4/12 - 11*m**3/6 + 3*m**2 - 33*m. Let c be b(11). What is the tens digit of ((-9265)/30)/(-17) + (-1)/c?
1
Suppose -4*q - y = -0*q + 1556, -3*q = -y + 1160. Let m = 783 + q. What is the units digit of m?
5
Suppose x + 3*x - 37528 = 19444. What is the units digit of x?
3
Suppose 3*z - 2877 = -3*d, -d = 7*z - 9*z + 1927. Let c = z - 522. What is the hundreds digit of c?
4
Suppose 0 = 8*i - 12*i - 5*m + 4653, -2*i - 4*m + 2334 = 0. Let r = 1654 - i. What is the hundreds digit of r?
4
What is the tens digit of (0 + 199)*(-154 + 291)?
6
Let c(z) = -6*z + 14. Let a be c(16). Let k = -81 - a. What is the units digit of (166 + -1*3/1)*k?
3
Suppose 2*n + f = 31730, 5*f + 15858 = n + 2*f. What is the ten thousands digit of n?
1
Suppose 0 = 45*j - 43*j - 4. Suppose -j*c + 265 = 3*z - 479, 5*c = -z + 1886. What is the hundreds digit of c?
3
Suppose 4*a - 62214 = -7*a + 4204. What is the tens digit of a?
3
What is the units digit of (-2417709)/(-42)*(-10)/(-35)?
7
Let u(p) be the first derivative of 5*p**2/2 + 22*p + 21. Let m be u(-4). What is the tens digit of -309*26/(-39)*1/m?
0
Suppose 4*c = -0*c + 316. Suppose 4*i + 164 = 6*i - d, i = -d + c. What is the units digit of (-4)/18 + 1233/i?
5
Let s(t) = -30*t**2 + 5*t - 11. Let m(k) = -74*k**2 + 12*k - 28. Let l(h) = -5*m(h) + 12*s(h). What is the tens digit of l(6)?
6
Let n(h) be the second derivative of -h**4/3 + 19*h**3/6 - 5*h**2 - 3*h. Let x be n(10). Let k = x + 311. What is the tens digit of k?
9
Let a be 2/6 - (-9217)/78*28. Suppose -8166 = -15*m + a. What is the hundreds digit of m?
7
Suppose 4*d + 1222 = 2*z, -4*z - 7*d = -9*d - 2432. Let t = z + -325. What is the tens digit of t?
8
Let o(j) = 29651*j**2 + 5*j - 11. What is the units digit of o(1)?
5
Let c(w) = -w**3 - 12*w**2 - 6*w + 23. Let x(u) = -u**3 + 7*u**2 - 7*u - 6. Let n(i) = 3*i - 27. Let s be n(11). Let p be x(s). What is the tens digit of c(p)?
9
Suppose -3681*a + 3634*a + 1888836 = 0. What is the thousands digit of a?
0
Let l(q) = -q**3 + 30*q**2 + 77*q - 53. Let o(s) = 16*s - 112. Let i be o(9). What is the hundreds digit of l(i)?
3
Suppose 23*o - 2*o = 122283. Suppose 14*h - o = 5433. What is the hundreds digit of h?
8
Let t(z) = 15 + 18*z**2 + 15*z - z**2 - 80*z**3 + 81*z**3. Let w = 1 - 17. What is the tens digit of t(w)?
3
Let g(a) = -1198*a - 3997. What is the tens digit of g(-14)?
7
Let k = -6926 + 11071. What is the units digit of k?
5
Let n = 52270 + 15047. What is the hundreds digit of n?
3
Suppose 0 = 2*x - 0*x - o + 1067, 0 = 4*x + 3*o + 2119. Let f = 904 + x. What is the hundreds digit of f?
3
Let p(s) = -4*s**3 + 2*s**2 - 38*s + 41839. What is the tens digit of p(0)?
3
Let w(y) = 13*y**2 + 665*y - 242. What is the thousands digit of w(34)?
7
Let q(x) = x**3 + 3*x**2 - 46*x + 5. Suppose -s - 2*s + 9 = -3*c, -3*s + 4*c = -4. What is the tens digit of q(s)?
4
Let w(c) = 296*c**3 + c**2 + 91*c - 187. What is the tens digit of w(2)?
6
Let m(s) = -s**3 - 51*s**2 - 368*s + 5. What is the units digit of m(-45)?
5
Let m(a) = -75*a + 120. Let j be m(15). Let o = j + 1800. What is the tens digit of o?
9
Let b(g) = g**2 + 4*g + 3. Let s be b(-3). Let h be (-4)/(s - -4)*-521. Suppose -6*z + 5*z + h = 5*v, 2*v = -z + 206. What is the tens digit of v?
0
Suppose -2 = -5*h + 18. Suppose -25 = -7*o - h. Suppose 9 = -4*y - 7, o*k - 136 = 4*y. What is the units digit of k?
0
Let q = 3044 + -1450. Let z = -619 + q. What is the units digit of z?
5
Let z = -27431 - -40570. What is the units digit of z?
9
Let f(i) = 342*i - 1864. What is the units digit of f(6)?
8
Let d = -4270 - -9899. What is the units digit of d?
9
Let h = 15701 - 9193. What is the units digit of h?
8
Suppose 4*d - 14153 = 3*d + 2*g, 0 = 2*d + 3*g - 28271. What is the hundreds digit of d?
1
Suppose 0 = 2*u + 8, 0*s - 5*s - 4*u + 579 = 0. Let g = 301 - s. Suppose 0 = -3*a - 4*v + g + 2, 0 = 2*a + 4*v - 128. What is the units digit of a?
6
Let n = -98 + 255. Let y = n - 274. Let l = -45 - y. What is the units digit of l?
2
Let f be (-2)/(-1)*55/22. Suppose -f*s + 3*a + 270 = 0, s = -a - 2*a + 36. Suppose 0 = -5*b + 25, 3*b - s = -o + 81. What is the tens digit of o?
1
What is the hundreds digit of (-54)/(-4)*((-80)/(-6))/((-45)/(-2115))?
4
Let z(f) = 3*f**2 + 32*f - 6. Let t(n) = 1. Let p(r) = -4*t(r) - z(r). What is the units digit of p(-6)?
6
Let u(w) = w**3 - 27*w**2 + 23*w + 83. Let c be u(26). What is the hundreds digit of 495 - (c + -2) - 5?
4
Let b(a) = a**3 - 18*a**2 + 10*a - 8. Let o be b(17). Suppose 13*w + 201 = 14*w. Let r = w + o. What is the units digit of r?
4
Let i = 63090 + -20437. What is the ten thousands digit of i?
4
Let d(s) = -s**3 + 43*s**2 - 34*s - 39. What is the tens digit of d(17)?
9
Let r = 280 + -192. Suppose -h + 173 = 2*h - 4*l, 2*h - 4*l = 118. Let k = h + r. What is the hundreds digit of k?
1
Suppose -r - 9*r = 0. Suppose r = -3*z + 87 + 39. Suppose -2*j = 3*d - 34, 0 = 4*j + 4*d - z - 22. What is the tens digit of j?
1
Let t(z) = 5*z - 20. Let d = -84 - -90. Let q be t(d). Suppose 161 = k - q. What is the hundreds digit of k?
1
Suppose 257*z - 2059576 = 8091924. What is the tens digit of z?
0
Let c = -1273 + 2139. What is the hundreds digit of c + (-5)/(5/(-4))?
8
Suppose 0 = -5*r + 1863*w - 1859*w + 297140, r - 59399 = -5*w. What is the tens digit of r?
2
Suppose -37 = -4*a - 5*r, 0 = -3*r + 5*r - 10. Suppose -5*f + 2*p + 6 = 0, 0*p = 5*f - a*p - 9. Suppose f = -8*m - 575 + 1583. What is the hundreds digit of m?
1
Let h(x) = 7*x + 5. Let q(b) = -13*b - 10. Let i(k) = -11*h(k) - 6*q(k). Let f be i(-1). Suppose 2*c = f*c - 112. What is the units digit of c?
6
Suppose 64*q - 5*q - 102520 = 37*q. What is the tens digit of q?
6
Let n be 316 + (0 - (-4)/(-4)) - -4. Suppose q - 97 - n = 0. What is the hundreds digit of q?
4
Suppose -24*q - 131922 = -33*q. What is the hundreds digit of q?
6
Suppose -2*i - 3 = -5, g = -i + 453. Let l = 71 + g. What is the units digit of l?
3
Let x be (-7)/(56/(-100))*(-14)/(-35). Suppose -3*v + 3178 = 4*y, 7*v - 11*v + 3973 = x*y. What is the hundreds digit of y?
7
Let x(h) = 140*h + 25. Let m be x(15). Suppose 4*f + m = 6213. Suppose -5*q = 122 - f. What is the hundreds digit of q?
1
Let u be (-10)/2 - (42 - 42). Let s(g) = -2*g**3 - 4*g**2 - 16*g - 10. What is the tens digit of s(u)?
2
Let g(u) = -12*u**3 - 3*u**2 - 2*u - 26. What is the hundreds digit of g(-6)?
4
Let x(t) = 23*t - 170. Let p(i) = i**3 + 8*i**2 + i - 16. Let r be p(-7). What is the tens digit of x(r)?
2
Let x(i) = 18*i + 1303. Suppose 7*b + 21*b = -19*b. What is the hundreds digit of x(b)?
3
Suppose -38*w = 44*w - 49*w - 1016466. What is the hundreds digit of w?
8
Let u be -1 + (-318)/9 + 